{"id":166,"date":"2026-04-11T19:48:21","date_gmt":"2026-04-11T16:48:21","guid":{"rendered":"https:\/\/y\u00f6remmarket.com\/?page_id=166"},"modified":"2026-04-11T19:48:21","modified_gmt":"2026-04-11T16:48:21","slug":"hakkimizda","status":"publish","type":"page","link":"https:\/\/y\u00f6remmarket.com\/?page_id=166","title":{"rendered":"Hakk\u0131m\u0131zda"},"content":{"rendered":"\n<p>Y\u00d6REM MARKET<br>Y\u00f6rem Market, \u015eanl\u0131urfa Suru\u00e7\u2019ta faaliyet g\u00f6steren yerli \u00fcretim g\u0131da \u00fcr\u00fcnleri sat\u0131\u015f platformudur.<br>Ba\u015fta g\u00fcnl\u00fck taze yumurta olmak \u00fczere:<br>K\u00f6y \u00fcr\u00fcnleri<br>S\u00fct ve s\u00fct \u00fcr\u00fcnleri<br>Do\u011fal ve katk\u0131s\u0131z g\u0131dalar<br>m\u00fc\u015fterilerimize en taze ve g\u00fcvenilir \u015fekilde sunulmaktad\u0131r.<br>Misyonumuz<br>Kaliteli ve do\u011fal \u00fcr\u00fcnleri uygun fiyatla do\u011frudan \u00fcreticiden t\u00fcketiciye ula\u015ft\u0131rmak.<br>Vizyonumuz<br>Suru\u00e7 ve \u00e7evresinde g\u00fcvenilir g\u0131da markas\u0131 olmak.<br>\u0130leti\u015fim<br>\ud83d\udccd Saray Alt\u0131 Mahallesi Karayolu Caddesi G\u00f6z \u00c7\u0131kmaz\u0131 Sokak No:1 Daire:4 Suru\u00e7 \/ \u015eanl\u0131urfa<br>\ud83d\udcde 0552 378 40 22<br>\ud83d\udce7 admin@xn--yremmarket-ecb.com<\/p>\n","protected":false},"excerpt":{"rendered":"<p>Y\u00d6REM MARKETY\u00f6rem Market, \u015eanl\u0131urfa Suru\u00e7\u2019ta faaliyet g\u00f6steren yerli \u00fcretim g\u0131da \u00fcr\u00fcnleri sat\u0131\u015f platformudur.Ba\u015fta g\u00fcnl\u00fck taze yumurta olmak \u00fczere:K\u00f6y \u00fcr\u00fcnleriS\u00fct ve [&hellip;]<\/p>\n","protected":false},"author":1,"featured_media":0,"parent":0,"menu_order":0,"comment_status":"closed","ping_status":"closed","template":"","meta":{"site-sidebar-layout":"default","site-content-layout":"","ast-site-content-layout":"default","site-content-style":"default","site-sidebar-style":"default","ast-global-header-display":"","ast-banner-title-visibility":"","ast-main-header-display":"","ast-hfb-above-header-display":"","ast-hfb-below-header-display":"","ast-hfb-mobile-header-display":"","site-post-title":"","ast-breadcrumbs-content":"","ast-featured-img":"","footer-sml-layout":"","ast-disable-related-posts":"","theme-transparent-header-meta":"","adv-header-id-meta":"","stick-header-meta":"","header-above-stick-meta":"","header-main-stick-meta":"","header-below-stick-meta":"","astra-migrate-meta-layouts":"default","ast-page-background-enabled":"default","ast-page-background-meta":{"desktop":{"background-color":"var(--ast-global-color-5)","background-image":"","background-repeat":"repeat","background-position":"center center","background-size":"auto","background-attachment":"scroll","background-type":"","background-media":"","overlay-type":"","overlay-color":"","overlay-opacity":"","overlay-gradient":""},"tablet":{"background-color":"","background-image":"","background-repeat":"repeat","background-position":"center center","background-size":"auto","background-attachment":"scroll","background-type":"","background-media":"","overlay-type":"","overlay-color":"","overlay-opacity":"","overlay-gradient":""},"mobile":{"background-color":"","background-image":"","background-repeat":"repeat","background-position":"center center","background-size":"auto","background-attachment":"scroll","background-type":"","background-media":"","overlay-type":"","overlay-color":"","overlay-opacity":"","overlay-gradient":""}},"ast-content-background-meta":{"desktop":{"background-color":"var(--ast-global-color-4)","background-image":"","background-repeat":"repeat","background-position":"center center","background-size":"auto","background-attachment":"scroll","background-type":"","background-media":"","overlay-type":"","overlay-color":"","overlay-opacity":"","overlay-gradient":""},"tablet":{"background-color":"var(--ast-global-color-4)","background-image":"","background-repeat":"repeat","background-position":"center center","background-size":"auto","background-attachment":"scroll","background-type":"","background-media":"","overlay-type":"","overlay-color":"","overlay-opacity":"","overlay-gradient":""},"mobile":{"background-color":"var(--ast-global-color-4)","background-image":"","background-repeat":"repeat","background-position":"center center","background-size":"auto","background-attachment":"scroll","background-type":"","background-media":"","overlay-type":"","overlay-color":"","overlay-opacity":"","overlay-gradient":""}},"footnotes":""},"class_list":["post-166","page","type-page","status-publish","hentry"],"_links":{"self":[{"href":"https:\/\/y\u00f6remmarket.com\/index.php?rest_route=\/wp\/v2\/pages\/166","targetHints":{"allow":["GET"]}}],"collection":[{"href":"https:\/\/y\u00f6remmarket.com\/index.php?rest_route=\/wp\/v2\/pages"}],"about":[{"href":"https:\/\/y\u00f6remmarket.com\/index.php?rest_route=\/wp\/v2\/types\/page"}],"author":[{"embeddable":true,"href":"https:\/\/y\u00f6remmarket.com\/index.php?rest_route=\/wp\/v2\/users\/1"}],"replies":[{"embeddable":true,"href":"https:\/\/y\u00f6remmarket.com\/index.php?rest_route=%2Fwp%2Fv2%2Fcomments&post=166"}],"version-history":[{"count":1,"href":"https:\/\/y\u00f6remmarket.com\/index.php?rest_route=\/wp\/v2\/pages\/166\/revisions"}],"predecessor-version":[{"id":168,"href":"https:\/\/y\u00f6remmarket.com\/index.php?rest_route=\/wp\/v2\/pages\/166\/revisions\/168"}],"wp:attachment":[{"href":"https:\/\/y\u00f6remmarket.com\/index.php?rest_route=%2Fwp%2Fv2%2Fmedia&parent=166"}],"curies":[{"name":"wp","href":"https:\/\/api.w.org\/{rel}","templated":true}]}}